 of 1/(-4) - x/44.
2, 17
Let x be (-4 - -1)/((-1)/1). Suppose -3*b = x + 18. Let n(p) = -3*p - 8. What are the prime factors of n(b)?
13
Let h(m) = -m + 3. Let y be (-8)/(-6)*-1*3. Let f(n) = n**2 + 5*n - 1. Let c be f(y). What are the prime factors of h(c)?
2
Let a = -16 + 28. What are the prime factors of a?
2, 3
Let l be -90 - (-4 + (-1 - -3)). Let p be 7*(l/(-14) + -2). Suppose 0 = -0*w + 3*w - p. List the prime factors of w.
2, 5
Suppose -124 = -4*s - 3*l, -3*l = -4*s + 2*l + 156. List the prime factors of s.
2, 17
Let h = 389 - 148. List the prime factors of h.
241
Suppose 0*s + 4*s = 36. What are the prime factors of 132/s*(-6)/(-4)?
2, 11
Let b(n) = 4*n**2 - 2*n - 1. Let y be b(3). Suppose i + 0 - y = 5*x, -5*x - 57 = -3*i. What are the prime factors of i?
2, 7
Suppose 3*z + 2*n = -n + 117, -116 = -3*z - 2*n. What are the prime factors of z?
2, 19
Let p(k) = -2*k**2 - k + 4. Let a be p(-3). Let c = 22 + a. List the prime factors of c.
11
Let k(c) = -c**3 + 7*c**2 - 6*c + 3. Let a be k(6). Suppose u - 17 = 2*p, -2*p - 29 = -u - a*p. List the prime factors of u.
5
Let n be (-2 - -4)*3/(-6). Let l(c) = -2*c**3 - c**2 - 2*c - 1. List the prime factors of l(n).
2
Suppose t + 0*t + 4*f = 10, -20 = -5*f. Let l(j) = -2*j + 7. What are the prime factors of l(t)?
19
Let g be ((-6)/2)/(1 - 2). Let o = g - 0. Suppose -5*d = -o - 7. List the prime factors of d.
2
Suppose 42 = 4*w + 5*t, -3*w + 5*t - t + 16 = 0. Suppose -5*q + 3*q = w. Let z = -1 - q. What are the prime factors of z?
3
Let b = 322 - 183. What are the prime factors of b?
139
What are the prime factors of (-7)/(-14)*(-1 - -75)?
37
What are the prime factors of 1/(-1)*36/(-4)?
3
Let z = 748 - 521. Suppose 6*i - z = -41. List the prime factors of i.
31
Suppose 0*g + 30 = u - 2*g, -4*u = 3*g - 98. Suppose 4*l - u = -10. Suppose -l + 12 = 2*w. List the prime factors of w.
2
Suppose -5*x + 4*y + 68 = 26, 3*x - 5*y - 33 = 0. Suppose -2*m + 24 = -x. What are the prime factors of m?
3, 5
Suppose 0 = 8*u - 4*u + 8. Let s(p) = -p + 2. List the prime factors of s(u).
2
Suppose -2*i + 9 = -j, 3*i - 18 = 2*j - 2. Let w(h) = 12*h**2 - 4*h - 2. List the prime factors of w(i).
2, 19
Suppose n - 3*u - 12 = 3*n, 4*n - u = -52. Let j = 7 + n. What are the prime factors of j*((-3)/5 + -1)?
2
Let f(k) = 2*k**3 - 7*k**2 + 5*k - 10. What are the prime factors of f(7)?
2, 23
Suppose x + 28 - 94 = 0. Suppose -3*r = -0*r - x. What are the prime factors of r?
2, 11
Let d(m) = m**2 + 2*m + 4. Let u be d(-2). What are the prime factors of ((-18)/12)/((-2)/u)?
3
Suppose -2*q - 3*d = -3*q + 528, -2*q - d = -1049. Suppose 627 = -4*w - q. What are the prime factors of 3/5 - w/20?
3, 5
Let n = 42 - 18. Suppose 0*o + n = 4*o. What are the prime factors of o?
2, 3
Suppose 0*u = 2*u - 78. List the prime factors of u.
3, 13
Suppose 0 = 4*z + 46 - 342. List the prime factors of z.
2, 37
Suppose j - 5*j = 4. Let x = 2 - j. Suppose z - 3*c = -x, 2*c + 21 + 5 = 3*z. What are the prime factors of z?
2, 3
Suppose q - 3*q = 4, 0 = 4*u + 2*q - 108. Suppose 19 = v - u. What are the prime factors of v?
47
Let z(h) = -h**2 - 31*h. List the prime factors of z(-24).
2, 3, 7
Let x be (6/(-8))/((-2)/8). Suppose -x*l + 28 = -143. Suppose 4*k + 21 - l = 0. List the prime factors of k.
3
Suppose 4*r + 68 = 5*s, 2*s + 4*r = -0*s + 16. Suppose -4*o = -4*k - 72, o + 0*k + s = -5*k. What are the prime factors of o/(-2 + 4 + -1)?
13
Suppose l = -u - 1, -u + 0 = 3. List the prime factors of (l - 1)/((-4)/(-104)).
2, 13
Let m(i) = 2*i**2 + 2*i - 2. Let s(h) = 2*h**3 - h**2 + 1. Let y(f) = f - 10. Let c be y(9). Let j be s(c). What are the prime factors of m(j)?
2
Let z(r) = -5*r**2 + 2 + 1 - r - r**3 + 1 + 0. Let h be z(-5). Let y = h - 5. What are the prime factors of y?
2
Suppose -19 = v - 2*v. Suppose 0 = -3*l, 2*l = -5*w + l + 35. What are the prime factors of v/w - (-8)/28?
3
Let t(k) be the first derivative of k**3/3 + 7*k**2/2 + 11*k - 1. Let j(d) = -2*d + 22. Let b be j(15). What are the prime factors of t(b)?
19
Suppose -v = -3*j - 42 - 31, j = 3*v - 251. List the prime factors of v.
5, 17
Let u(t) = 11*t**2 + 3*t + 1. List the prime factors of u(-2).
3, 13
Let t be (-12)/30 + 56/(-10). Let r = 14 + t. List the prime factors of r.
2
What are the prime factors of ((-3)/2)/(30/(-1720))?
2, 43
Let h = -12 - -13. What are the prime factors of -6 + 10 - (h + 0)?
3
Let w(m) = 5*m - 25. List the prime factors of w(7).
2, 5
Let t = -50 - -74. What are the prime factors of t?
2, 3
Let v(l) = 5*l**3 - l + 1. Let w be v(1). Suppose 0 = -7*i + 2*i + w, -4*n = 4*i - 152. List the prime factors of n.
37
Let w be 6/(-15) + (-17)/(-5). Let g = 2 + w. Suppose 5*d - g = 35. What are the prime factors of d?
2
Suppose 0 = -2*b - 12 + 2. Suppose -5*f - 3 = -38. Let o = b + f. What are the prime factors of o?
2
Let a = 5 + -10. Let g = 5 + a. Suppose g = -3*x + 7 + 20. List the prime factors of x.
3
Let p = -3 + 18. Suppose -k - 1 = -p. What are the prime factors of 4/k + 80/14?
2, 3
Suppose -9*l = -3*l - 60. What are the prime factors of l?
2, 5
Let r be (0 - 0) + (-1 - -4). Let i = -53 + 91. Suppose -r = 5*m - i. List the prime factors of m.
7
Suppose -m + 34 = 2*c, -4*c - 77 = -3*m - 5*c. Let a = m + -2. List the prime factors of a.
2, 11
Let s = 25 - 7. Let p = 49 - 14. Let n = p - s. What are the prime factors of n?
17
Let y = 7 + -14. Let i be (y/(-21))/((-1)/(-18)). List the prime factors of 20/((-2)/i*-3).
2, 5
Let u be (3 + -1 - -1)*1. Suppose -4*w + u*b + 47 = 0, -b = -0*b - 3. What are the prime factors of w?
2, 7
Let o(s) = 4*s - 19. Let l(j) = -2*j + 10. Suppose 0 = -3*d - 5*r - 10, r + 2*r = -3*d. Let k(m) = d*l(m) + 3*o(m). What are the prime factors of k(5)?
3
Let u = -10 - -12. Suppose 0 = -u*w - 2*w + 32. What are the prime factors of w?
2
Let m(c) = c**2 + 11*c + 15. Let p be m(-10). Suppose -x + 97 = p*v - 1, -4*v + 2*x = -70. List the prime factors of v.
19
Let o be ((-2)/(-5))/(1/(-5)). Let i = 2 - o. Suppose 0 = -5*t - i*h + 2*h + 10, t = -4*h + 2. List the prime factors of t.
2
Suppose -5*z - 5*u = -30, 3*z + 12 = 5*z - 4*u. Let i be z/(-4)*452/(-6). Suppose -4*w - 52 = -2*d, -35 + i = 4*d + 5*w. List the prime factors of d.
2, 11
Let f(m) = -2*m**3 - m**2 + 2*m - 1. Let d(c) = -c**3 + 5*c**2 - 2. Let o be d(5). What are the prime factors of f(o)?
7
Suppose p = m + 1, -5*m + 4*p = -0*m + 2. Suppose -4*g = 3*v - 108, v + 2*g - 40 = -m. What are the prime factors of v?
2
Let v(h) = -h**3 - 5*h**2 - h + 2. Let i be v(-5). Suppose 15 = -2*a + i*a. Suppose -4*l - 72 = -4*x - 0*l, a = -l. List the prime factors of x.
3, 5
Let i(j) = 4*j**3 + j**2 - 6*j - 7. Let c(g) = -8*g**3 - 2*g**2 + 13*g + 15. Let m(p) = 6*c(p) + 13*i(p). List the prime factors of m(1).
2
Suppose 0*s = 3*s - 12. What are the prime factors of s/(-1)*(-2)/4?
2
Suppose 7*o - 6*o - 2 = 0. Suppose -5*w + o = -168. List the prime factors of w.
2, 17
Let h be 18/(-15)*690/(-9). Suppose 0*i + 2*i - h = -4*j, -3*i - 46 = -2*j. What are the prime factors of j?
23
Let g be 18/8 - (-2)/(-8). Suppose -2*x + 3*v = -73, -51 - 17 = -2*x + g*v. Suppose x - 5 = 2*c. List the prime factors of c.
2, 3
Let n = -10 - -11. Let y = n + -6. What are the prime factors of 256/20 + (-1)/y?
13
Let h(a) = -11*a + 1. Let n(r) = r**3 + 6*r**2 + r + 5. Let j be n(-6). List the prime factors of h(j).
2, 3
Let n(r) = -r**3 - r**2 - 2*r - 24. What are the prime factors of n(-6)?
2, 3, 7
Let f = 19 + -13. What are the prime factors of 16*1*(-5 + f)?
2
Suppose 55*q + 148 = 59*q. What are the prime factors of q?
37
Let j = 6 - 6. What are the prime factors of 16*(j - 6/(-8))?
2, 3
List the prime factors of 93 - -6*1/2.
2, 3
Suppose -s = -2*o - 3*o + 193, -3*o + 4*s = -109. What are the prime factors of o?
3, 13
Suppose 0 = 160*u - 162*u + 348. List the prime factors of u.
2, 3, 29
Suppose -2*v + 4*t + 897 = -t, v - 5*t = 446. What are the prime factors of v?
11, 41
Let v be (-3)/(-6)*(-2 - -2). Let x be 8/20 + 18/5. Suppose v = x*k + 2*t - 80, -t + 27 = k + 3*t. What are the prime factors of k?
19
Let x be (-6)/33 - (-40)/(-22). Let q = -2 - x. Suppose -3*i + 45 = -q*i. What are the prime factors of i?
3, 5
Let m = -88 - -130. What are the prime factors of m?
2, 3, 7
Let k(s) = 106*s + 27. What are the p